= 0. Let q be u/(-6)*153/6. Let f = q - 11. Calculate the highest common divisor of 18 and f.
6
Let b be (-6)/(-9) - (-40)/3. Let j be ((168/5)/4)/(21/315). Calculate the greatest common factor of j and b.
14
Suppose 0*r - 2*b = 4*r - 234, 3*r + 4*b - 188 = 0. Let l be 24/24 - (-12)/2. Calculate the highest common divisor of l and r.
7
Let l be (-8)/(-20) - (-16)/10. Let c be -2*4/2*2/(-4). Suppose 2*r + 12 = 2*z + c, -3*r + 1 = 5*z. What is the greatest common factor of l and z?
2
Let r be ((-2)/(-6) - 115/(-15))*2. Let f = -15 + r. What is the highest common factor of f and 2?
1
Suppose -l + 2*h + 13 = 0, -5 + 25 = 5*l - h. Let n be (l + -6)*1 + 10. Let t = -20 + 55. Calculate the highest common factor of n and t.
7
Suppose -2*x = -3*h - 9, 3*x - 3 = x - 3*h. Suppose -x*y = -1 - 53. Suppose -4*t = 3*s - 62 + y, -3*s + 22 = 2*t. What is the greatest common factor of t and 1?
1
Let x(k) = -k**2 + 15*k + 19. Let m be x(13). Suppose -5*s + m = u, 37 = u + 2*s - 5*s. What is the highest common divisor of u and 360?
40
Let i = 2235 - -35. Calculate the greatest common divisor of i and 10.
10
Suppose 95*f - 9660 = 83*f. Calculate the greatest common factor of 23 and f.
23
Let b(f) = 3*f - f + 1 + 2*f**2 - 2 + 2. Let c be b(-1). Suppose 0 = -t, -4*m + 2*t + 3*t + 36 = 0. Calculate the greatest common factor of m and c.
1
Suppose 0 = 3*d - 383 + 101. Calculate the greatest common divisor of 47 and d.
47
Let x(q) = -q**3 + 8*q**2 + 11*q + 14. Let w be x(10). Let p be w/(-13) + (-2)/(-13). Calculate the greatest common divisor of p and 24.
6
Suppose 1276 = -44*g + 5676. What is the greatest common factor of 440 and g?
20
Let a be 5/(45/(-12) + 4). Let p be 4/10 - 21/15. Let n be (-3)/(p - (-1)/4). What is the greatest common factor of a and n?
4
Let b = -36 + 42. Let t be 4/(-3)*((-18)/b + -3). What is the greatest common factor of 28 and t?
4
Suppose 3*t + 3 = 0, -p + 72 + 79 = -5*t. What is the highest common factor of p and 365?
73
Let b(r) be the first derivative of 1/2*r**2 - 3 + 4*r. Let d be b(0). What is the highest common divisor of 16 and d?
4
Let h(l) = 2*l + 38. Let b be h(-16). Let o(k) = 5*k + 20. Let z be o(b). What is the highest common factor of 125 and z?
25
Suppose -47*v = -1284 - 2335. Calculate the highest common factor of v and 121.
11
Suppose 13*d = -2*k + 9*d + 110, 2*k - 3*d = 124. Calculate the greatest common divisor of k and 649.
59
Suppose 2*b - 80 = 4*r - b, -2*r + 2*b - 42 = 0. Let f = 25 + r. Calculate the greatest common divisor of f and 2.
2
Suppose 0*o + o = 6. Let k be -24*((-1)/(-3) - 5/o). Suppose -4*x - 3*l + 12 = 0, -3*x = -5*x - 5*l + 6. Calculate the highest common divisor of k and x.
3
Let b(l) = -l**2 + 20*l - 4. Let m be b(16). Calculate the highest common factor of m and 300.
60
Let k be 2/(-1 - 1)*(-2)/(-1). Let d(i) = -28*i - 11. Let g be d(k). Calculate the highest common divisor of g and 5.
5
Let g be 1522/10 + 13/(-65). What is the greatest common divisor of g and 2?
2
Let f(y) be the first derivative of 31*y**4/2 - y**3/3 - y**2/2 + 2*y + 33. Let s be f(1). What is the greatest common factor of s and 31?
31
Suppose -o + 3*o - 8 = 0. Let t be 78/o*(-32)/(-24). Calculate the highest common factor of t and 130.
26
Let c = 302 - 213. Let x = -49 + c. What is the highest common divisor of x and 8?
8
Let c = -49 + 76. Suppose -3*g - 4*t + 31 = 0, -4*g - 5*t - 23 = -5*g. Let a = c - g. What is the greatest common factor of a and 70?
14
Let v(z) = -197*z**3 - z. Let j be v(-1). What is the highest common factor of j and 44?
22
Let t = -36 + 43. Let l be (-3)/((-5)/(-2 + t)). Suppose -l*y - 26 = -n, -4*n = -0*n - y - 49. Calculate the greatest common factor of n and 33.
11
Let q be (-4)/18 + 4597/(-9). Let w = -170 - q. Calculate the greatest common divisor of w and 31.
31
Let u be 4 + -4*5/(-10). Suppose 2*r - 3*z - 175 = 0, -r - 415 = -u*r + 3*z. What is the highest common divisor of 16 and r?
16
Let q = 94 + -62. Suppose -q = 2*f - 10*f. Calculate the highest common divisor of f and 22.
2
Let j be (-3)/(15/12 + -2). Suppose -5*q + 0*q + 3*k - 357 = 0, 85 = -q + j*k. Let z = -30 - q. Calculate the greatest common divisor of z and 13.
13
Let h = 103 - 46. Let j = -53 + h. Calculate the highest common divisor of 44 and j.
4
Let y be (-19)/(-5) + (-12)/(-60). Suppose -10*n - y = -6*n. Let l(q) = 187*q**2 - 2*q. Let k be l(n). Calculate the greatest common factor of 21 and k.
21
Let r = 2146 + -2124. What is the greatest common divisor of r and 44?
22
Let r be 14/(-2) - (12 - 15). Let p be (-18)/(-2)*(1 - r). Suppose 5*n - 14 - 11 = 0. What is the greatest common divisor of n and p?
5
Let j(l) = -95*l - 1215. Let g be j(-13). Let m be 50/4 + 1/(-2). What is the greatest common factor of g and m?
4
Let a(g) = 2*g + 1. Let r = -7 + 13. Let q be a(r). Suppose 2*c + 142 = 4*k - 12, 2*c = -k + 41. Calculate the highest common factor of q and k.
13
Let k = -151 - -217. Calculate the highest common factor of 264 and k.
66
Suppose -2*a - 24 = -5*a - 3*r, 12 = 3*r. Let n be a/(2 - 4) + 26. Let j be (10 + -2)/2 - 1. What is the greatest common divisor of n and j?
3
Let n = 89 - 37. Let g be (-118)/(-4)*14 + (7 - 120/30). Calculate the greatest common factor of g and n.
52
Let v(z) = -200*z + 32. Let u be v(-10). Calculate the greatest common divisor of 16 and u.
16
Suppose -15 = -5*h, 5*p - 148 = h + 2964. Calculate the greatest common divisor of 356 and p.
89
Suppose 5*i + 5*c - 17 = i, 2*i - 4 = 2*c. Suppose -5*p + 350 = -s - 154, 0 = i*s + 12. Calculate the greatest common factor of p and 10.
10
Let h(w) = 15*w**2 + 19 + 30*w - 13*w**2 - 21*w. Let j be h(-11). Calculate the highest common divisor of j and 18.
18
Suppose -2*y + 60 = y. Let t(k) = -k**3 - 10*k**2 + 9*k - 2. Let q be t(-11). Calculate the highest common factor of q and y.
20
Let r(a) = -4*a. Let z be r(-2). Suppose -3*y - y + 30 = v, -z = -4*v. Let n be 6/(-14) + (-444)/(-7). What is the highest common divisor of y and n?
7
Let q be ((-12)/9)/((-10)/45 + 0). Calculate the greatest common factor of 2 and q.
2
Suppose 5*w - 11 = 4, -6 = -4*l - 2*w. Let v be (-82)/(-2) + (1 - l). Let f = 0 + 63. Calculate the highest common divisor of f and v.
21
Let q(h) = 4*h + 60. Let m be q(-15). Suppose 3*j + p = 226, -4*j - p + 226 + 75 = m. What is the greatest common factor of 30 and j?
15
Let j(g) = -4*g**3 + 3*g**2 - 4*g - 4. Let p(h) = h + 3. Let l be p(7). Let w = l - 13. Let s be j(w). What is the highest common factor of s and 13?
13
Let x(v) = -v**3 + 10*v**2 + 16*v - 7. Let o be x(11). Let p = o + -45. What is the greatest common divisor of p and 9?
3
Let i(n) = n**2 - 2*n + 24. Suppose -4*k + 9*k = 0. Let w be i(k). What is the highest common factor of 6 and w?
6
Suppose 2120 = 15*s - 2065. Calculate the greatest common factor of 63 and s.
9
Let z = -208 - -223. Suppose -5*b + i + 3*i = -5, -15 = 3*i. Let f be (-453)/(-6) - b/(-6). What is the greatest common divisor of z and f?
15
Suppose 0 = -7*q + 6*q - 5, -5*q - 89 = -2*m. Calculate the highest common factor of 88 and m.
8
Suppose 3*b = 7*b - 8. Let y(f) = -106 + 106 - f**b - 5*f. Let t be y(-3). Calculate the greatest common divisor of t and 42.
6
Let u = 183 + 112. What is the highest common factor of u and 59?
59
Suppose 2*g + 6 - 14 = 0. Let u(w) = w**2 - 4*w + 1. Let l be u(g). Let d = 3 - 0. What is the highest common factor of l and d?
1
Let u be (14/7)/(4/8 + 0). Calculate the greatest common factor of 12 and u.
4
Let m(b) = b**2 + 2. Let y be ((-2)/7)/(2/(-14)). Let t be m(y). Suppose 0 = r - 50 + t. What is the greatest common factor of 4 and r?
4
Let q = 19 - -3. What is the highest common divisor of q and 374?
22
Let k(j) = 6*j + 24. Let o be k(8). Suppose 0 = 22*w - 25*w + o. What is the greatest common factor of 36 and w?
12
Suppose v + 8 = 3*v, 214 = 2*h + v. Suppose 0 = -6*a + 11*a - h. Calculate the highest common divisor of a and 7.
7
Suppose 0 = k - 5*x + 8 - 31, -2*k = -4*x - 76. Let y(b) = 3*b**3 + 6*b**2 - 7*b + 38. Let a be y(5). What is the highest common divisor of a and k?
48
Suppose 28 = p - 4*v - 1, -5*v = 3*p - 19. Let o(u) = -11*u - 20. Let c be o(5). Let s be (-60)/c*1*130. Calculate the highest common divisor of p and s.
13
Suppose -16*a = -25*a + 81. What is the grea